{"id":277,"date":"2023-01-26T09:55:58","date_gmt":"2023-01-26T09:55:58","guid":{"rendered":"https:\/\/www.sergiohidalgo.site\/?page_id=277"},"modified":"2023-01-26T12:22:02","modified_gmt":"2023-01-26T12:22:02","slug":"blog-2","status":"publish","type":"page","link":"https:\/\/www.sergiohidalgo.site\/index.php\/blog-2\/","title":{"rendered":"BLOG"},"content":{"rendered":"\n<div class=\"wp-block-cover alignfull\"><span aria-hidden=\"true\" class=\"wp-block-cover__background has-background-dim\"><\/span><img loading=\"lazy\" decoding=\"async\" width=\"1920\" height=\"578\" class=\"wp-block-cover__image-background wp-image-284\" alt=\"\" src=\"https:\/\/www.sergiohidalgo.site\/wp-content\/uploads\/2023\/01\/IMG_1164-3.png\" data-object-fit=\"cover\" srcset=\"https:\/\/www.sergiohidalgo.site\/wp-content\/uploads\/2023\/01\/IMG_1164-3.png 1920w, https:\/\/www.sergiohidalgo.site\/wp-content\/uploads\/2023\/01\/IMG_1164-3-300x90.png 300w, https:\/\/www.sergiohidalgo.site\/wp-content\/uploads\/2023\/01\/IMG_1164-3-1024x308.png 1024w, https:\/\/www.sergiohidalgo.site\/wp-content\/uploads\/2023\/01\/IMG_1164-3-768x231.png 768w, https:\/\/www.sergiohidalgo.site\/wp-content\/uploads\/2023\/01\/IMG_1164-3-1536x462.png 1536w\" sizes=\"auto, (max-width: 1920px) 100vw, 1920px\" \/><div class=\"wp-block-cover__inner-container is-layout-flow wp-block-cover-is-layout-flow\">\n<p class=\"has-text-align-center has-large-font-size\"><strong>Ingenier\u00eda aeroespacial como forma de vida<\/strong><\/p>\n<\/div><\/div>\n\n\n\n<div class=\"wp-block-cover alignfull has-small-font-size\" style=\"min-height:116px;aspect-ratio:unset;\"><span aria-hidden=\"true\" class=\"wp-block-cover__background has-nv-site-bg-background-color has-background-dim-100 has-background-dim\"><\/span><div class=\"wp-block-cover__inner-container is-layout-flow wp-block-cover-is-layout-flow\">\n<p class=\"has-text-align-center has-large-font-size\"><\/p>\n<\/div><\/div>\n\n\n\n<div class=\"wp-block-columns is-layout-flex wp-container-core-columns-is-layout-9d6595d7 wp-block-columns-is-layout-flex\">\n<div class=\"wp-block-column is-layout-flow wp-block-column-is-layout-flow\" style=\"flex-basis:66.66%\">\n<p>Recuerdo aquel d\u00eda alrededor de segundo de carrera, no recuerdo la fecha pero se que fue en el primer semestre del curso, estaba cursando la asignatura de mec\u00e1nica y estabamos viendo s\u00f3lido r\u00edgido. Un profesor de f\u00edsica por esas fechas nos dio un truco para que no se nos rompiera la puerta de la nevera que ten\u00eda que ver con reducir el momento generado sobre la puerta, y dije, &#8220;Y si hago un video de esto?&#8221;, y so hice, ese fue mi primer video de todos, publicado en Instagram.<\/p>\n<\/div>\n\n\n\n<div class=\"wp-block-column is-layout-flow wp-block-column-is-layout-flow\" style=\"flex-basis:33.33%\">\n<figure class=\"wp-block-embed is-type-video is-provider-youtube wp-block-embed-youtube wp-embed-aspect-16-9 wp-has-aspect-ratio\"><div class=\"wp-block-embed__wrapper\">\n<div class=\"nv-iframe-embed\"><iframe loading=\"lazy\" title=\"Rememorando la LOCURA del a\u00f1o 2022\" width=\"1200\" height=\"675\" src=\"https:\/\/www.youtube.com\/embed\/HldZmFZ8GtQ?feature=oembed\" frameborder=\"0\" allow=\"accelerometer; autoplay; clipboard-write; encrypted-media; gyroscope; picture-in-picture; web-share\" allowfullscreen><\/iframe><\/div>\n<\/div><\/figure>\n<\/div>\n<\/div>\n\n\n\n<p>A partir de ah\u00ed comenz\u00f3 esta locura. Comenc\u00e9 a publicar contenido en Instagram, v\u00eddeos cortos de alrededor de 1 minuto, pero no quer\u00eda dar el paso a Youtube, supongo que por verg\u00fcenza. Piensa que el hecho de grabarme y subirlo, por esa \u00e9poca me daba verg\u00fcenza. Ahora me da tan igual que acabo de acordarme que antes me daba verg\u00fcenza y me he reido.<\/p>\n\n\n\n<p>Con el paso de las semanas decid\u00ed publicar tambi\u00e9n esos mismos videos en Youtube, y fue cuando me di cuenta que Instagram era terrible para crecer en redes sociales por aquella \u00e9poca, nadie te encontraba, s\u00f3lo te ve\u00eda gente que ya te segu\u00eda.<\/p>\n\n\n\n<p>En Youtube empec\u00e9 a hacer videos m\u00e1s largos, no hab\u00eda l\u00edmite de tiempo, empec\u00e9 explicando cosas de f\u00edsica en 2-3 minutos y luego empec\u00e9 a hablar m\u00e1s sobre temas de aeron\u00e1utica. Hasta que descubr\u00ed que la explicaci\u00f3n de por qu\u00e9 los aviones vuelan estaba equivocada, por supuesto no lo descubr\u00ed por mi mismo, me lo descubri\u00f3 un profesor. Me lanc\u00e9 a hacer videos explicando eso, y ah\u00ed fue cuando empec\u00e9 a ver que el canal crec\u00eda m\u00e1s.<\/p>\n\n\n\n<div class=\"wp-block-cover alignfull is-light\"><span aria-hidden=\"true\" class=\"wp-block-cover__background has-background-dim-100 has-background-dim\" style=\"background-color:#d8f0ff\"><\/span><div class=\"wp-block-cover__inner-container is-layout-flow wp-block-cover-is-layout-flow\">\n<p><\/p>\n\n\n\n<div class=\"wp-block-columns is-layout-flex wp-container-core-columns-is-layout-9d6595d7 wp-block-columns-is-layout-flex\">\n<div class=\"wp-block-column is-layout-flow wp-block-column-is-layout-flow\" style=\"flex-basis:25%\"><\/div>\n\n\n\n<div class=\"wp-block-column is-layout-flow wp-block-column-is-layout-flow\" style=\"flex-basis:50%\">\n<div class=\"wp-block-columns is-layout-flex wp-container-core-columns-is-layout-9d6595d7 wp-block-columns-is-layout-flex\">\n<div class=\"wp-block-column is-layout-flow wp-block-column-is-layout-flow\">\n<figure class=\"wp-block-image size-large\"><img loading=\"lazy\" decoding=\"async\" width=\"1024\" height=\"768\" src=\"https:\/\/www.sergiohidalgo.site\/wp-content\/uploads\/2023\/01\/1674729387178-1024x768.jpg\" alt=\"\" class=\"wp-image-290\" srcset=\"https:\/\/www.sergiohidalgo.site\/wp-content\/uploads\/2023\/01\/1674729387178-1024x768.jpg 1024w, https:\/\/www.sergiohidalgo.site\/wp-content\/uploads\/2023\/01\/1674729387178-300x225.jpg 300w, https:\/\/www.sergiohidalgo.site\/wp-content\/uploads\/2023\/01\/1674729387178-768x576.jpg 768w, https:\/\/www.sergiohidalgo.site\/wp-content\/uploads\/2023\/01\/1674729387178.jpg 1292w\" sizes=\"auto, (max-width: 1024px) 100vw, 1024px\" \/><\/figure>\n<\/div>\n\n\n\n<div class=\"wp-block-column is-layout-flow wp-block-column-is-layout-flow\">\n<p>Alrededor de esa \u00e9poca tambi\u00e9n empezamos a dise\u00f1ar un tunel de viento en la universidad para poder utilizar humo y ver c\u00f3mo el aire se ve\u00eda afectado por un objeto, fue un proyecto del que tengo muy buenos recuerdos.<\/p>\n\n\n\n<p>A la izquierda puedes verme a mi con el tunel de viento. Abajo te dejo el video que hice. Esto fue en tercero de carrera.<\/p>\n\n\n\n<figure class=\"wp-block-embed is-type-video is-provider-youtube wp-block-embed-youtube wp-embed-aspect-16-9 wp-has-aspect-ratio\"><div class=\"wp-block-embed__wrapper\">\n<div class=\"nv-iframe-embed\"><iframe loading=\"lazy\" title=\"Construyo un Tunel de Viento en 6 meses\" width=\"1200\" height=\"675\" src=\"https:\/\/www.youtube.com\/embed\/omJv___oNso?feature=oembed\" frameborder=\"0\" allow=\"accelerometer; autoplay; clipboard-write; encrypted-media; gyroscope; picture-in-picture; web-share\" allowfullscreen><\/iframe><\/div>\n<\/div><\/figure>\n<\/div>\n<\/div>\n<\/div>\n\n\n\n<div class=\"wp-block-column is-layout-flow wp-block-column-is-layout-flow\" style=\"flex-basis:25%\"><\/div>\n<\/div>\n<\/div><\/div>\n\n\n\n<p><\/p>\n\n\n\n<p>El curso siguiente me fui a estudiarlo a Reino Unido, y ah\u00ed, al vivir solo y gracias al tiempo de Londres, ten\u00eda mucho tiempo para dedicarle al canal, habia que estar loco para hacer vida en la calle. Aqu\u00ed fue cuando realmente empec\u00e9 a tomarmelo seriamente, publicando un video por semana. Cuando publicaba videos aprovechaba para grabarlos en la calle los d\u00edas que hac\u00eda buen tiempo y as\u00ed sal\u00eda a dar una vuelta. Tambi\u00e9n aprovech\u00e9 para ir a varios museos. Fue una tremenda experiencia personal.<\/p>\n\n\n\n<div class=\"wp-block-columns is-layout-flex wp-container-core-columns-is-layout-9d6595d7 wp-block-columns-is-layout-flex\">\n<div class=\"wp-block-column is-layout-flow wp-block-column-is-layout-flow\">\n<figure class=\"wp-block-embed is-type-video is-provider-youtube wp-block-embed-youtube wp-embed-aspect-16-9 wp-has-aspect-ratio\"><div class=\"wp-block-embed__wrapper\">\n<div class=\"nv-iframe-embed\"><iframe loading=\"lazy\" title=\"\ud83d\ude32\u2708\ufe0f\u00bfQu\u00e9 es el \u00c1NGULO DE ATAQUE? | Aerodin\u00e1mica para principiantes\" width=\"1200\" height=\"675\" src=\"https:\/\/www.youtube.com\/embed\/rVrC6J_8kX8?start=119&#038;feature=oembed\" frameborder=\"0\" allow=\"accelerometer; autoplay; clipboard-write; encrypted-media; gyroscope; picture-in-picture; web-share\" allowfullscreen><\/iframe><\/div>\n<\/div><\/figure>\n<\/div>\n\n\n\n<div class=\"wp-block-column is-layout-flow wp-block-column-is-layout-flow\">\n<figure class=\"wp-block-embed is-type-video is-provider-youtube wp-block-embed-youtube wp-embed-aspect-16-9 wp-has-aspect-ratio\"><div class=\"wp-block-embed__wrapper\">\n<div class=\"nv-iframe-embed\"><iframe loading=\"lazy\" title=\"\u2708\ufe0fComo ver aviones increibles en LONDRES\u00bf?\" width=\"1200\" height=\"675\" src=\"https:\/\/www.youtube.com\/embed\/b0yxoBmBi-k?start=121&#038;feature=oembed\" frameborder=\"0\" allow=\"accelerometer; autoplay; clipboard-write; encrypted-media; gyroscope; picture-in-picture; web-share\" allowfullscreen><\/iframe><\/div>\n<\/div><\/figure>\n<\/div>\n\n\n\n<div class=\"wp-block-column is-layout-flow wp-block-column-is-layout-flow\">\n<figure class=\"wp-block-embed is-type-video is-provider-youtube wp-block-embed-youtube wp-embed-aspect-16-9 wp-has-aspect-ratio\"><div class=\"wp-block-embed__wrapper\">\n<div class=\"nv-iframe-embed\"><iframe loading=\"lazy\" title=\"\u2708\ufe0fLo mejor del Museo de Duxford\" width=\"1200\" height=\"675\" src=\"https:\/\/www.youtube.com\/embed\/KXe_ErXChyk?feature=oembed\" frameborder=\"0\" allow=\"accelerometer; autoplay; clipboard-write; encrypted-media; gyroscope; picture-in-picture; web-share\" allowfullscreen><\/iframe><\/div>\n<\/div><\/figure>\n<\/div>\n<\/div>\n\n\n\n<p>Despu\u00e9s de eso vino la pandemia y bueno, segu\u00ed publicando videos, como siempre he hecho. Me fui a estudiar el m\u00e1ster a Valencia y a pesar de no tener mucho tiempo con todas las tareas que mandaban en la universidad, decid\u00ed no dejar de publicar, recuerdo que si baj\u00e9 el ritmo, pero no quer\u00eda dejarlo bajo ning\u00fan concepto. Mi canal sigui\u00f3 creciendo y empezaron a contactar conmigo de empresas, y tambi\u00e9n empezaron a hacerme caso empresas cuando yo les hablaba. Gracias a eso pude hacer varios videos como:<\/p>\n\n\n\n<div class=\"wp-block-columns is-layout-flex wp-container-core-columns-is-layout-9d6595d7 wp-block-columns-is-layout-flex\">\n<div class=\"wp-block-column is-layout-flow wp-block-column-is-layout-flow\">\n<figure class=\"wp-block-embed is-type-video is-provider-youtube wp-block-embed-youtube wp-embed-aspect-16-9 wp-has-aspect-ratio\"><div class=\"wp-block-embed__wrapper\">\n<div class=\"nv-iframe-embed\"><iframe loading=\"lazy\" title=\"La REVOLUCI\u00d3N E\u00d3LICA\ud83d\udd0b Vortex Bladeless\" width=\"1200\" height=\"675\" src=\"https:\/\/www.youtube.com\/embed\/2I5df2Exyv4?feature=oembed\" frameborder=\"0\" allow=\"accelerometer; autoplay; clipboard-write; encrypted-media; gyroscope; picture-in-picture; web-share\" allowfullscreen><\/iframe><\/div>\n<\/div><\/figure>\n<\/div>\n\n\n\n<div class=\"wp-block-column is-layout-flow wp-block-column-is-layout-flow\">\n<figure class=\"wp-block-embed is-type-video is-provider-youtube wp-block-embed-youtube wp-embed-aspect-16-9 wp-has-aspect-ratio\"><div class=\"wp-block-embed__wrapper\">\n<div class=\"nv-iframe-embed\"><iframe loading=\"lazy\" title=\"\ud83d\udd25 AS\u00cd es el Motor de un Avi\u00f3n de Guerra\" width=\"1200\" height=\"675\" src=\"https:\/\/www.youtube.com\/embed\/BcC97RmkNro?feature=oembed\" frameborder=\"0\" allow=\"accelerometer; autoplay; clipboard-write; encrypted-media; gyroscope; picture-in-picture; web-share\" allowfullscreen><\/iframe><\/div>\n<\/div><\/figure>\n<\/div>\n\n\n\n<div class=\"wp-block-column is-layout-flow wp-block-column-is-layout-flow\">\n<figure class=\"wp-block-embed is-type-video is-provider-youtube wp-block-embed-youtube wp-embed-aspect-16-9 wp-has-aspect-ratio\"><div class=\"wp-block-embed__wrapper\">\n<div class=\"nv-iframe-embed\"><iframe loading=\"lazy\" title=\"TODO sobre el MANTENIMIENTO de AVIONES | IBERIA me invita a sus hangares (LA MU\u00d1OZA)\" width=\"1200\" height=\"675\" src=\"https:\/\/www.youtube.com\/embed\/pE-kNjG6l74?start=160&#038;feature=oembed\" frameborder=\"0\" allow=\"accelerometer; autoplay; clipboard-write; encrypted-media; gyroscope; picture-in-picture; web-share\" allowfullscreen><\/iframe><\/div>\n<\/div><\/figure>\n<\/div>\n<\/div>\n\n\n\n<p>A finales de 2021 puedo decir que me toc\u00f3 la loteria. Contact\u00f3 conmigo la OTAN para formar parte de un programa &#8220;Protect the Future&#8221; #Protectthefuture en el cual varios creadores de contenido de varios paises de la alianza tendr\u00edan la oportunidad de ser invitados a la sede de la OTAN en Bruselas y formar parte de varias actividades. El objetivo era que nuestras audiencias comprendiera el papel de la OTAN en el mundo, ya que en realidad es algo que parece como un ente superior, pero en realidad nos afecta a todos. <\/p>\n\n\n\n<div class=\"wp-block-cover alignfull is-light\"><span aria-hidden=\"true\" class=\"wp-block-cover__background has-background-dim-100 has-background-dim\" style=\"background-color:#dddddd\"><\/span><div class=\"wp-block-cover__inner-container is-layout-flow wp-block-cover-is-layout-flow\">\n<div class=\"wp-block-columns alignfull is-layout-flex wp-container-core-columns-is-layout-9d6595d7 wp-block-columns-is-layout-flex\">\n<div class=\"wp-block-column is-layout-flow wp-block-column-is-layout-flow\" style=\"flex-basis:25%\"><\/div>\n\n\n\n<div class=\"wp-block-column is-layout-flow wp-block-column-is-layout-flow\" style=\"flex-basis:50%\">\n<div class=\"wp-block-columns is-layout-flex wp-container-core-columns-is-layout-9d6595d7 wp-block-columns-is-layout-flex\">\n<div class=\"wp-block-column is-layout-flow wp-block-column-is-layout-flow\">\n<p class=\"has-nv-dark-bg-color has-text-color\">Yo he ido invitado a Bruselas en dos ocasiones, en ambas hemos estado en la sede, pero la segunda vez fue \u00e9pica porque pudimos hablar con el Secretario General y hacerle varias preguntas. Yo en concreto le pregunt\u00e9 sobre la defensa de la alianza de Ceuta y Melilla.<\/p>\n\n\n\n<p class=\"has-nv-dark-bg-color has-text-color\">Tuvimos la oportunidad de estar tambi\u00e9n con el Embajador espa\u00f1ol en la OTAN y con varias personas encargadas de la parte militar en la Embajada.<\/p>\n<\/div>\n\n\n\n<div class=\"wp-block-column is-layout-flow wp-block-column-is-layout-flow\">\n<figure class=\"wp-block-image size-large\"><img loading=\"lazy\" decoding=\"async\" width=\"1024\" height=\"681\" src=\"https:\/\/www.sergiohidalgo.site\/wp-content\/uploads\/2023\/01\/VDB_9548-1-edited-1024x681.jpg\" alt=\"\" class=\"wp-image-294\" srcset=\"https:\/\/www.sergiohidalgo.site\/wp-content\/uploads\/2023\/01\/VDB_9548-1-edited-1024x681.jpg 1024w, https:\/\/www.sergiohidalgo.site\/wp-content\/uploads\/2023\/01\/VDB_9548-1-edited-300x200.jpg 300w, https:\/\/www.sergiohidalgo.site\/wp-content\/uploads\/2023\/01\/VDB_9548-1-edited-768x511.jpg 768w, https:\/\/www.sergiohidalgo.site\/wp-content\/uploads\/2023\/01\/VDB_9548-1-edited-1536x1022.jpg 1536w, https:\/\/www.sergiohidalgo.site\/wp-content\/uploads\/2023\/01\/VDB_9548-1-edited-2048x1363.jpg 2048w\" sizes=\"auto, (max-width: 1024px) 100vw, 1024px\" \/><\/figure>\n<\/div>\n<\/div>\n<\/div>\n\n\n\n<div class=\"wp-block-column is-layout-flow wp-block-column-is-layout-flow\" style=\"flex-basis:25%\"><\/div>\n<\/div>\n<\/div><\/div>\n\n\n\n<div class=\"wp-block-cover alignfull is-light has-parallax\"><span aria-hidden=\"true\" class=\"wp-block-cover__background has-background-dim\"><\/span><div role=\"img\" class=\"wp-block-cover__image-background wp-image-296 has-parallax\" style=\"background-position:50% 50%;background-image:url(https:\/\/www.sergiohidalgo.site\/wp-content\/uploads\/2023\/01\/Aircraft-Carrier-02-1680x1050-2.jpg)\"><\/div><div class=\"wp-block-cover__inner-container is-layout-flow wp-block-cover-is-layout-flow\">\n<p class=\"has-text-align-center has-large-font-size\"><\/p>\n\n\n\n<div class=\"wp-block-columns is-layout-flex wp-container-core-columns-is-layout-9d6595d7 wp-block-columns-is-layout-flex\">\n<div class=\"wp-block-column is-layout-flow wp-block-column-is-layout-flow\">\n<div class=\"wp-block-columns is-layout-flex wp-container-core-columns-is-layout-9d6595d7 wp-block-columns-is-layout-flex\">\n<div class=\"wp-block-column is-layout-flow wp-block-column-is-layout-flow\" style=\"flex-basis:33.33%\"><\/div>\n\n\n\n<div class=\"wp-block-column is-layout-flow wp-block-column-is-layout-flow\" style=\"flex-basis:66.66%\">\n<p>A raiz de la colaboraci\u00f3n con la OTAN, Me invitaron a bordo de un superportaviones de Estados Unidos, una experiencia indescriptible y gracias a la cual estoy sacando una serie de videos en Youtube.<\/p>\n<\/div>\n<\/div>\n<\/div>\n\n\n\n<div class=\"wp-block-column is-layout-flow wp-block-column-is-layout-flow\">\n<figure class=\"wp-block-embed is-type-video is-provider-youtube wp-block-embed-youtube wp-embed-aspect-16-9 wp-has-aspect-ratio\"><div class=\"wp-block-embed__wrapper\">\n<div class=\"nv-iframe-embed\"><iframe loading=\"lazy\" title=\"Los Portaviones son Increibles por Esto\" width=\"1200\" height=\"675\" src=\"https:\/\/www.youtube.com\/embed\/wmEcHCRUAx8?list=PLKiGAVcUrc3upIo2SCOMepjhgVi-FJ0Nt\" frameborder=\"0\" allow=\"accelerometer; autoplay; clipboard-write; encrypted-media; gyroscope; picture-in-picture; web-share\" allowfullscreen><\/iframe><\/div>\n<\/div><\/figure>\n<\/div>\n\n\n\n<div class=\"wp-block-column is-layout-flow wp-block-column-is-layout-flow\"><\/div>\n<\/div>\n<\/div><\/div>\n\n\n\n<div class=\"wp-block-cover alignfull is-light has-parallax\"><span aria-hidden=\"true\" class=\"wp-block-cover__background has-background-dim\"><\/span><div role=\"img\" class=\"wp-block-cover__image-background wp-image-298 has-parallax\" style=\"background-position:50% 50%;background-image:url(https:\/\/www.sergiohidalgo.site\/wp-content\/uploads\/2023\/01\/030401-F-0000C-001.png)\"><\/div><div class=\"wp-block-cover__inner-container is-layout-flow wp-block-cover-is-layout-flow\">\n<p class=\"has-text-align-center has-large-font-size\"><\/p>\n\n\n\n<div class=\"wp-block-columns is-layout-flex wp-container-core-columns-is-layout-9d6595d7 wp-block-columns-is-layout-flex\">\n<div class=\"wp-block-column is-layout-flow wp-block-column-is-layout-flow\"><\/div>\n\n\n\n<div class=\"wp-block-column is-layout-flow wp-block-column-is-layout-flow\">\n<figure class=\"wp-block-embed is-type-video is-provider-youtube wp-block-embed-youtube wp-embed-aspect-16-9 wp-has-aspect-ratio\"><div class=\"wp-block-embed__wrapper\">\n<div class=\"nv-iframe-embed\"><iframe loading=\"lazy\" title=\"Los secretos del Boeing E-3 Sentry (AWACS)\" width=\"1200\" height=\"675\" src=\"https:\/\/www.youtube.com\/embed\/Vjkq5o0L_3Y?start=23&#038;feature=oembed\" frameborder=\"0\" allow=\"accelerometer; autoplay; clipboard-write; encrypted-media; gyroscope; picture-in-picture; web-share\" allowfullscreen><\/iframe><\/div>\n<\/div><\/figure>\n<\/div>\n\n\n\n<div class=\"wp-block-column is-layout-flow wp-block-column-is-layout-flow\">\n<p class=\"has-nv-site-bg-color has-text-color\"><\/p>\n\n\n\n<div class=\"wp-block-columns is-layout-flex wp-container-core-columns-is-layout-9d6595d7 wp-block-columns-is-layout-flex\">\n<div class=\"wp-block-column is-layout-flow wp-block-column-is-layout-flow\" style=\"flex-basis:66.66%\">\n<p class=\"has-nv-site-bg-color has-text-color\">Tambi\u00e9n me surgi\u00f3 la posibilidad de ir a bordo en una misi\u00f3n de AWACS, el avi\u00f3n de alerta temprana que utiliza la OTAN, otra experiencia para enmarcar y con la que aprend\u00ed demasiadas cosas sobre este tipo de misiones, de hecho apuesto a que hay muchisimas cosas que no sab\u00edas.<\/p>\n<\/div>\n\n\n\n<div class=\"wp-block-column is-layout-flow wp-block-column-is-layout-flow\" style=\"flex-basis:33.33%\"><\/div>\n<\/div>\n<\/div>\n<\/div>\n<\/div><\/div>\n\n\n\n<p><\/p>\n\n\n\n<p>Si quieres saber m\u00e1s sobre mi vida, te recomiendo que me sigas en redes sociales, sobre todo <a rel=\"noreferrer noopener\" href=\"https:\/\/www.instagram.com\/sergiohiidalgo\/\" target=\"_blank\">Instagram<\/a> Ya que es donde hablo por historias. Si por lo contrario quieres escucharme hablar sobre varios temas, te dejo aqu\u00ed varios videos:<\/p>\n\n\n\n<div class=\"wp-block-columns is-layout-flex wp-container-core-columns-is-layout-9d6595d7 wp-block-columns-is-layout-flex\">\n<div class=\"wp-block-column is-layout-flow wp-block-column-is-layout-flow\">\n<figure class=\"wp-block-embed is-type-video is-provider-youtube wp-block-embed-youtube wp-embed-aspect-16-9 wp-has-aspect-ratio\"><div class=\"wp-block-embed__wrapper\">\n<div class=\"nv-iframe-embed\"><iframe loading=\"lazy\" title=\"Rememorando la LOCURA del a\u00f1o 2022\" width=\"1200\" height=\"675\" src=\"https:\/\/www.youtube.com\/embed\/HldZmFZ8GtQ?start=1362&#038;feature=oembed\" frameborder=\"0\" allow=\"accelerometer; autoplay; clipboard-write; encrypted-media; gyroscope; picture-in-picture; web-share\" allowfullscreen><\/iframe><\/div>\n<\/div><\/figure>\n<\/div>\n\n\n\n<div class=\"wp-block-column is-layout-flow wp-block-column-is-layout-flow\">\n<figure class=\"wp-block-embed is-type-video is-provider-youtube wp-block-embed-youtube wp-embed-aspect-16-9 wp-has-aspect-ratio\"><div class=\"wp-block-embed__wrapper\">\n<div class=\"nv-iframe-embed\"><iframe loading=\"lazy\" title=\"Contando mi experiencia en el Mejor Airshow del mundo No paraban de volar cazas\" width=\"1200\" height=\"675\" src=\"https:\/\/www.youtube.com\/embed\/HyP_0EFAZyc?feature=oembed\" frameborder=\"0\" allow=\"accelerometer; autoplay; clipboard-write; encrypted-media; gyroscope; picture-in-picture; web-share\" allowfullscreen><\/iframe><\/div>\n<\/div><\/figure>\n<\/div>\n\n\n\n<div class=\"wp-block-column is-layout-flow wp-block-column-is-layout-flow\">\n<figure class=\"wp-block-embed is-type-video is-provider-youtube wp-block-embed-youtube wp-embed-aspect-16-9 wp-has-aspect-ratio\"><div class=\"wp-block-embed__wrapper\">\n<div class=\"nv-iframe-embed\"><iframe loading=\"lazy\" title=\"Hablando de TODAS las asignaturas de la carrera de Ingenier\u00eda Aeroespacial\" width=\"1200\" height=\"675\" src=\"https:\/\/www.youtube.com\/embed\/HylUdL8AAMs?feature=oembed\" frameborder=\"0\" allow=\"accelerometer; autoplay; clipboard-write; encrypted-media; gyroscope; picture-in-picture; web-share\" allowfullscreen><\/iframe><\/div>\n<\/div><\/figure>\n<\/div>\n<\/div>\n\n\n\n<p><\/p>\n\n\n\n<p><\/p>\n\n\n\n<p><\/p>\n\n\n\n<p><\/p>\n","protected":false},"excerpt":{"rendered":"<p>Recuerdo aquel d\u00eda alrededor de segundo de carrera, no recuerdo la fecha pero se que fue en el primer semestre del curso, estaba cursando la asignatura de mec\u00e1nica y estabamos viendo s\u00f3lido r\u00edgido. Un profesor de f\u00edsica por esas fechas nos dio un truco para que no se nos rompiera la puerta de la nevera&hellip;&nbsp;<a href=\"https:\/\/www.sergiohidalgo.site\/index.php\/blog-2\/\" class=\"\" rel=\"bookmark\">Leer m\u00e1s &raquo;<span class=\"screen-reader-text\">BLOG<\/span><\/a><\/p>\n","protected":false},"author":1,"featured_media":0,"parent":0,"menu_order":0,"comment_status":"closed","ping_status":"closed","template":"","meta":{"neve_meta_sidebar":"","neve_meta_container":"","neve_meta_enable_content_width":"","neve_meta_content_width":0,"neve_meta_title_alignment":"","neve_meta_author_avatar":"","neve_post_elements_order":"","neve_meta_disable_header":"","neve_meta_disable_footer":"","neve_meta_disable_title":"","footnotes":""},"class_list":["post-277","page","type-page","status-publish","hentry"],"_links":{"self":[{"href":"https:\/\/www.sergiohidalgo.site\/index.php\/wp-json\/wp\/v2\/pages\/277","targetHints":{"allow":["GET"]}}],"collection":[{"href":"https:\/\/www.sergiohidalgo.site\/index.php\/wp-json\/wp\/v2\/pages"}],"about":[{"href":"https:\/\/www.sergiohidalgo.site\/index.php\/wp-json\/wp\/v2\/types\/page"}],"author":[{"embeddable":true,"href":"https:\/\/www.sergiohidalgo.site\/index.php\/wp-json\/wp\/v2\/users\/1"}],"replies":[{"embeddable":true,"href":"https:\/\/www.sergiohidalgo.site\/index.php\/wp-json\/wp\/v2\/comments?post=277"}],"version-history":[{"count":14,"href":"https:\/\/www.sergiohidalgo.site\/index.php\/wp-json\/wp\/v2\/pages\/277\/revisions"}],"predecessor-version":[{"id":318,"href":"https:\/\/www.sergiohidalgo.site\/index.php\/wp-json\/wp\/v2\/pages\/277\/revisions\/318"}],"wp:attachment":[{"href":"https:\/\/www.sergiohidalgo.site\/index.php\/wp-json\/wp\/v2\/media?parent=277"}],"curies":[{"name":"wp","href":"https:\/\/api.w.org\/{rel}","templated":true}]}}